et u(s) = 67*s + 1228. Determine u(-19).
-45
Let d(l) = l**3 - 19*l**2 - 14*l - 106. Give d(17).
-922
Let n(b) = -593*b + 4748. What is n(8)?
4
Let w(i) = -2*i**2 + 55*i - 942. Give w(22).
-700
Let d(b) = 375*b + 13522. Calculate d(-36).
22
Let x(k) = -164*k - 505. Calculate x(-3).
-13
Let p(o) = 42*o - 1111. Give p(16).
-439
Let c(a) = a**3 - 3*a**2 + 8*a - 55. What is c(4)?
-7
Let l(p) = -p**3 - 22*p**2 - 3*p - 67. Determine l(-22).
-1
Let q(w) = 3*w**3 + 39*w**2 + 38*w - 4. Determine q(-12).
-28
Let o(a) = -3*a**2 + 166*a + 651. Give o(59).
2
Let i(f) = f**2 - 62*f - 3402. Determine i(-35).
-7
Let v(j) = 1146*j + 10298. Calculate v(-9).
-16
Let o(a) = -a**3 + 76*a**2 + 3592*a + 536. Give o(109).
-9
Let j(v) = -50*v + 391. Give j(8).
-9
Let t(n) = 17*n**2 + 5*n - 155. Calculate t(0).
-155
Let q(i) = -100*i - 1401. Give q(-14).
-1
Let r(p) = p**2 + 9*p + 21. Determine r(-5).
1
Let c(x) = -28*x**2 + 306*x - 27. Give c(12).
-387
Let g(y) = 2*y**2 - 638*y + 3773. Give g(6).
17
Let o(i) = -i**2 + 6*i + 174. Calculate o(-9).
39
Let g(n) = -n**2 - 186*n + 758. Determine g(4).
-2
Let y(k) = 27*k + 1117. Give y(-41).
10
Let q(r) = -r**3 - r**2 - 176*r + 21. Calculate q(0).
21
Let k(o) = -o**3 + 36*o**2 - 121*o - 219. Determine k(32).
5
Let q(b) = b**3 - 10*b**2 + 34*b - 51. Give q(7).
40
Let y(v) = -60*v + 750. Determine y(14).
-90
Let v(y) = 7*y**2 + 29*y + 82. Determine v(-3).
58
Let b(a) = -7*a**2 - 582*a + 162. What is b(-84)?
-342
Let p(h) = -237*h - 4995. What is p(-21)?
-18
Let m(n) = -6213*n + 31061. Determine m(5).
-4
Let k(h) = 86*h - 44. Determine k(1).
42
Let z(s) = 2*s**2 + 14*s - 12. Give z(-7).
-12
Let a(z) = 44*z**2 + 216*z + 217. Calculate a(-1).
45
Let k(y) = y**2 - 803*y - 39954. Calculate k(-47).
-4
Let l(m) = 48*m + 71. Calculate l(-7).
-265
Let o(j) = j**3 - 10*j**2 + 23*j - 42. Give o(6).
-48
Let x(y) = 2*y**3 - 13*y**2 - 44*y + 156. What is x(8)?
-4
Let x(c) = 5*c**2 + 152*c + 988. Give x(-21).
1
Let l(s) = -s**3 - 73*s**2 + 68*s - 372. Determine l(-74).
72
Let y(z) = -5*z**3 - 162*z**2 + 102*z + 108. Determine y(-33).
9
Let f(q) = 5*q**3 + 37*q**2 - 27*q - 289. Determine f(-7).
-2
Let c(h) = 186*h - 10974. Determine c(59).
0
Let r(t) = 99*t + 1578. Give r(-16).
-6
Let i(r) = 2*r**2 - 528*r + 26920. What is i(69)?
10
Let u(q) = -222*q + 22. Calculate u(1).
-200
Let n(s) = -835*s - 9197. Determine n(-11).
-12
Let v(s) = 127*s**2 - 63*s + 2. What is v(1)?
66
Let g(z) = 9*z**2 - z + 9. Calculate g(2).
43
Let x(a) = 86*a**2 - 52*a - 103. Calculate x(-2).
345
Let u(p) = -11*p**2 + 150*p - 447. Calculate u(3).
-96
Let i(n) = n**2 - 87*n + 628. What is i(8)?
-4
Let t(p) = -p**3 - 4*p**2 - 48*p - 310. Calculate t(-10).
770
Let t(g) = 17*g**2 - 768*g - 557. What is t(46)?
87
Let x(s) = 3*s**3 + 11*s**2 - 4*s + 29. What is x(-6)?
-199
Let s(k) = -38*k**2 - k + 1. Calculate s(-3).
-338
Let y(m) = -295*m**3 - 2*m**2 - 13*m + 13. What is y(1)?
-297
Let x(b) = -8995*b - 125933. Give x(-14).
-3
Let i(c) = c**3 - 9*c**2 - 55*c - 9. Determine i(13).
-48
Let a(d) = -d**3 - 12*d**2 - 27*d - 2. Calculate a(-11).
174
Let g(a) = -1678*a - 55356. Calculate g(-33).
18
Let o(n) = 103*n + 7725. What is o(-75)?
0
Let u(g) = -14*g**3 - g**2 + 38*g + 124. What is u(-3)?
379
Let n(p) = -p**3 - 20*p**2 + 27*p - 20. Determine n(-22).
354
Let w(r) = 4*r**2 - 1283*r + 7579. Give w(6).
25
Let a(y) = 403*y + 3111. Determine a(-8).
-113
Let k(g) = -g**3 + 9*g**2 + 13*g + 37. Determine k(9).
154
Let b(a) = a**3 + 2*a**2 - 3*a - 7. What is b(-2)?
-1
Let s(n) = -3*n**3 - 118*n**2 - 60*n - 808. Calculate s(-39).
11
Let f(g) = 192*g + 5559. Determine f(-29).
-9
Let q(m) = 2739*m + 43855. What is q(-16)?
31
Let m(w) = -100*w - 662. What is m(-6)?
-62
Let f(s) = 5*s**2 - 224*s + 780. What is f(41)?
1
Let s(b) = -b**2 + 1702*b + 62572. What is s(-36)?
4
Let a(w) = -w**3 + 7*w**2 + 7. Give a(8).
-57
Let t(p) = 54*p - 1116. Calculate t(20).
-36
Let f(k) = 444*k + 984. What is f(-3)?
-348
Let z(u) = 2*u**3 + 83*u**2 + 38*u - 27. What is z(-41)?
96
Let i(j) = 894*j - 7365. Give i(8).
-213
Let j(p) = p**3 + 2*p**2 - 7*p - 3. What is j(2)?
-1
Let g(n) = -n**3 - 10*n**2 + 75*n + 1. What is g(-15)?
1
Let k(t) = -5*t**2 + 361*t - 724. What is k(2)?
-22
Let n(b) = 35*b - 1348. Determine n(34).
-158
Let y(a) = a**3 - 44*a**2 - 148*a + 183. Give y(47).
-146
Let c(x) = 39*x**3 + 3*x + 4. Give c(-1).
-38
Let a(c) = -3*c**2 - 160*c - 537. Calculate a(-50).
-37
Let v(z) = z**3 - 23*z**2 + 50*z - 93. Calculate v(21).
75
Let g(d) = -15*d - 312. What is g(-8)?
-192
Let x(y) = -14*y + 492. Calculate x(42).
-96
Let x(c) = -c**3 + 27*c**2 - 160*c - 17. Calculate x(9).
1
Let r(x) = -2*x**2 - 19*x - 58. What is r(-9)?
-49
Let n(x) = 3*x**2 + 47*x - 16. Determine n(-18).
110
Let o(y) = -y**2 + 97*y + 11458. Determine o(-69).
4
Let o(k) = -5*k**2 - 13*k + 132. What is o(4)?
0
Let r(j) = 16*j - 318. What is r(21)?
18
Let l(c) = -c**3 + 208*c**2 + 410*c + 2108. Calculate l(210).
8
Let l(r) = -151*r - 2848. What is l(-19)?
21
Let z(i) = -i**3 + 28*i**2 + 20*i + 289. Determine z(29).
28
Let l(h) = -151*h**2 - 5892*h - 123. Give l(-39).
-6
Let h(a) = a**3 - 6*a**2 + 11*a - 181. Calculate h(8).
35
Let b(s) = s**2 - 35*s + 213. Determine b(21).
-81
Let m(a) = -4839*a + 4831. Calculate m(1).
-8
Let z(x) = x**3 - 7*x**2 + x + 14. Calculate z(6).
-16
Let h(c) = -c**3 + 111*c**2 + 118*c - 672. Calculate h(112).
0
Let n(v) = -3*v**2 - 60*v - 67. Give n(-19).
-10
Let j(n) = -24*n - 139. What is j(-6)?
5
Let s(i) = 10*i - 1200. Give s(40).
-800
Let y(d) = 2*d + 223. Calculate y(-6).
211
Let u(d) = -d**3 - 38*d**2 + 275*d + 485. Calculate u(-44).
1
Let k(r) = 2*r**2 + 89*r + 999. Determine k(-24).
15
Let r(s) = s - 82. Calculate r(26).
-56
Let f(h) = -h**3 - 80*h**2 + 353*h + 22028. Determine f(-81).
-4
Let z(t) = -2*t**3 - 7*t**2 + 22*t - 7. Determine z(-6).
41
Let g(n) = -2*n**2 + 3*n + 8. What is g(-4)?
-36
Let m(s) = -s**3 - 176*s**2 - 351*s - 531. What is m(-174)?
-9
Let p(f) = f**3 - 4*f**2 + 7*f - 68. Give p(6).
46
Let j(i) = -3*i**3 - 3*i**2 - 13*i + 21. What is j(5)?
-494
Let m(z) = 6*z**2 + 20*z - 28. What is m(-5)?
22
Let n(k) = -k**3 - 6*k**2 - 18*k - 9. Calculate n(-5).
56
Let v(x) = -x**2 + 14*x + 1560. Determine v(-33).
9
Let z(m) = 601*m + 3299. What is z(-5)?
294
Let n(c) = -c**2 - 8*c - 2. Determine n(-6).
10
Let o(w) = 9*w**3 + 1451*w**2 + 318*w - 645. Calculate o(-161).
-1
Let k(c) = 2*c**2 - 61*c - 30. Determine k(34).
208
Let b(z) = -z**3 + 24*z**2 - 84*z - 43. Determine b(20).
-123
Let p(w) = -2*w**2 + 102*w - 48. Calculate p(51).
-48
Let w(c) = 93*c + 572. Give w(-6).
14
Let i(x) = -x**2 + 96*x - 375. Calculate i(4).
-7
Let l(y) = y**3 - 213*y**2 - 2708*y + 1797. Give l(225).
-3
Let h(b) = -137*b**2 - 145*b + 1. Determine h(-1).
9
Let d(s) = 7*s**2 - 267*s + 963. Calculate d(4).
7
Let n(j) = -j**3 - 70*j**2 - 64*j + 50. Give n(-69).
-295
Let t(m) = m**2 - 53*m - 105. Calculate t(0).
-105
Let q(d) = -11*d + 2. Give q(0).
2
Let a(s) = s**3 + 13*s**2 + 15*s - 5. Determine a(-2).
9
Let j(l) = -l**3 + 32*l**2 + 272*l - 12. Determine j(-7).
-5
Let v(x) = -2*x**3 - 79*x**2 + 43*x + 12. Give v(-40).
-108
Let p(l) = l**3 + 64*l**2 + 120*l - 138. Calculate p(-62).
110
Let h(d) = -6*d**3 + 22*d**2 + 5*d + 19. What is h(4)?
7
Let m(u) = -2*u**2 - 271*u - 387. Give m(-134).
15
Let l(c) = -31*c - 68. Calculate l(7).
-285
Let a(x) = 268*x - 30795. What is a(115)?
25
Let b(g) = g**3 - 6*g**2 - 187*g - 3. Give b(0).
-3
Let z(b) = 87*b**2 + 78*b - 75. What is z(1)?
90
Let n(w) = 2*w**2 - 19*w + 72. Determine n(5).
27
Let h(v) = -8*v**2 - 93*v - 136. Give h(-10).
-6
Let q(z) = 4*z**3 + 18*z**2 - 3*z + 14. Give q(-5).
-21
Let w(a) = a**2 + 30*a - 303. Determine w(8).
1
Let s(o) = 74*o - 810. Give s(11).
4
Let n(b) = -b**3 - 18*b**2 + 69*b + 268. Calculate n(-20).
-312
Let v(b) = -3*b**2 + 111*b - 698. Calculate v(8).
-2
Let y(b) = b**2 - 27*b + 56. Give y(25).
6
Let g(z) = 798*z - 11098. What is g(14)?
74
Let t(r) = 215*r + 466. Calculate t(-2).
36
Let b(f) = f**2 - 16*f - 67. Calculate b(11).
-122
Let o(s) = -113*s - 46. Determine o(0).
-46
Let r(d) = d**3 - 26*d**2 - 273*d + 5360. Determine r(29).
-34
Let g(r) = r**2 - 15*r + 128. Give g(19).
204
Let n(j) = 2*j**3 - 27*j**2 + 37*j + 218. Give n(11).
